reatest common divisor of 21 and 2682876.
21
What is the greatest common divisor of 3724 and 308?
28
What is the greatest common factor of 272 and 5321?
17
Calculate the greatest common factor of 87219 and 1386.
99
Calculate the greatest common divisor of 6982 and 6.
2
Calculate the highest common factor of 326286 and 72.
18
Calculate the greatest common factor of 775 and 3225.
25
What is the greatest common factor of 790 and 33101?
79
Calculate the greatest common divisor of 5 and 314912.
1
Calculate the highest common factor of 144276 and 132.
132
Calculate the greatest common factor of 9891 and 45.
9
What is the highest common divisor of 2035 and 925?
185
What is the highest common factor of 177670 and 60?
10
What is the greatest common factor of 11174 and 148?
74
What is the highest common factor of 53774 and 368?
46
Calculate the greatest common factor of 1074653 and 261.
29
Calculate the highest common factor of 64920 and 720.
120
Calculate the greatest common factor of 42976 and 25568.
544
What is the greatest common divisor of 29228 and 436?
4
Calculate the greatest common divisor of 42 and 2534.
14
What is the highest common divisor of 3925 and 32656?
157
What is the greatest common factor of 81 and 17361?
27
What is the greatest common divisor of 179712 and 3861?
351
What is the greatest common divisor of 1224 and 66708?
612
Calculate the greatest common factor of 136 and 1318180.
68
Calculate the greatest common divisor of 72501 and 561.
33
Calculate the greatest common factor of 18 and 199044.
18
Calculate the greatest common divisor of 1953 and 266.
7
What is the greatest common factor of 430625 and 1378?
689
Calculate the highest common factor of 1188 and 49192.
44
What is the highest common divisor of 13333 and 737?
67
What is the greatest common divisor of 1428 and 1254736?
476
Calculate the greatest common factor of 34084 and 48.
4
Calculate the greatest common divisor of 49 and 2394679.
49
What is the highest common divisor of 733 and 2097113?
733
What is the highest common factor of 764077 and 3153?
1051
Calculate the highest common factor of 49654 and 3355.
671
Calculate the highest common divisor of 12 and 1431492.
12
Calculate the greatest common factor of 758240 and 32.
32
Calculate the highest common divisor of 1323 and 258741.
189
Calculate the highest common factor of 93 and 138694.
31
What is the highest common factor of 63 and 1575?
63
Calculate the greatest common divisor of 23188 and 26928.
748
Calculate the greatest common factor of 1875 and 19400.
25
Calculate the greatest common divisor of 31044 and 5564.
52
What is the greatest common factor of 2983 and 8873?
19
What is the greatest common divisor of 14467936 and 1568?
1568
Calculate the greatest common divisor of 42 and 53830.
14
Calculate the greatest common factor of 755623 and 803.
803
Calculate the greatest common divisor of 13 and 134251.
13
What is the greatest common factor of 1968 and 2747?
41
What is the highest common divisor of 47802 and 930?
186
Calculate the greatest common factor of 25080 and 329010.
330
Calculate the greatest common divisor of 6598 and 4.
2
What is the greatest common factor of 261306 and 324?
162
Calculate the greatest common divisor of 681183 and 135.
27
What is the highest common divisor of 107593 and 2125?
17
Calculate the greatest common factor of 603089 and 3415.
683
Calculate the highest common divisor of 20272 and 6154.
362
Calculate the greatest common factor of 30 and 5095.
5
What is the greatest common factor of 43121 and 4030?
403
Calculate the highest common divisor of 19695 and 24846.
303
What is the greatest common factor of 158796 and 176?
44
Calculate the highest common divisor of 12198 and 3040.
38
Calculate the greatest common divisor of 3936 and 1070100.
492
What is the highest common factor of 8948823 and 1614?
807
Calculate the greatest common factor of 724095 and 315.
45
Calculate the greatest common divisor of 1062 and 177.
177
Calculate the highest common factor of 16126 and 90.
2
What is the highest common divisor of 26207 and 7373?
73
What is the highest common divisor of 1939558 and 3268?
1634
What is the highest common divisor of 1143450 and 525?
525
What is the highest common divisor of 2187 and 22680?
81
Calculate the highest common factor of 11840 and 2560.
320
What is the highest common divisor of 637 and 56105?
49
What is the greatest common divisor of 78 and 454842?
6
Calculate the greatest common factor of 496 and 44237.
31
Calculate the greatest common factor of 168765 and 15.
15
What is the highest common factor of 53214 and 1470?
294
Calculate the greatest common divisor of 336 and 464964.
12
Calculate the greatest common factor of 32391 and 13983.
177
What is the greatest common divisor of 222 and 13394?
74
Calculate the highest common factor of 167041 and 3773.
343
What is the greatest common divisor of 195720 and 320?
40
Calculate the greatest common divisor of 105623 and 97601.
1337
Calculate the highest common factor of 325417 and 41.
41
Calculate the greatest common divisor of 31684 and 7120.
356
Calculate the highest common factor of 74752 and 146.
146
What is the greatest common divisor of 598829 and 11?
11
Calculate the highest common divisor of 3744 and 6604.
52
Calculate the greatest common factor of 7520 and 2585.
235
Calculate the highest common factor of 9 and 1566.
9
Calculate the greatest common factor of 4 and 4995572.
4
Calculate the greatest common factor of 90965 and 5.
5
What is the greatest common divisor of 1164 and 10573?
97
Calculate the highest common divisor of 253 and 936353.
253
Calculate the highest common factor of 102 and 5307468.
102
Calculate the highest common divisor of 8850 and 1200.
150
Calculate the greatest common factor of 187 and 9953075.
187
What is the greatest common factor of 1127 and 8407?
7
What is the greatest common factor of 55 and 9724?
11
What is the highest common divisor of 18567 and 1458?
9
What is the highest common divisor of 326 and 125347?
163
Calculate the greatest common divisor of 2 and 20642.
2
Calculate the greatest common divisor of 1495 and 160.
5
What is the highest common factor of 1201499 and 145?
29
What is the highest common factor of 62284 and 76?
4
What is the highest common divisor of 580 and 79112?
116
Calculate the highest common divisor of 105 and 120820.
35
What is the highest common factor of 7926 and 222?
6
What is the highest common divisor of 721 and 111652?
103
What is the highest common factor of 27 and 33291?
27
Calculate the greatest common divisor of 21417 and 23595.
363
What is the greatest common divisor of 225 and 837885?
15
What is the greatest common divisor of 4477 and 1591?
37
Calculate the highest common divisor of 232 and 19720.
232
Calculate the greatest common factor of 123 and 1032585.
123
What is the greatest common factor of 27406 and 34?
2
Calculate the greatest common divisor of 11 and 363253.
11
Calculate the greatest common factor of 1310 and 308505.
655
Calculate the greatest common divisor of 4122 and 136713.
687
What is the greatest common divisor of 1768 and 50830?
442
Calculate the highest common divisor of 70758 and 24.
6
What is the highest common factor of 49 and 300419?
49
Calculate the greatest common factor of 1053 and 10476.
27
Calculate the highest common factor of 124836 and 36.
12
What is the highest common factor of 30 and 822670?
10
Calculate the highest common divisor of 212128 and 224.
224
Calculate the greatest common factor of 388992 and 150.
6
Calculate the greatest common divisor of 916316 and 6094.
554
What is the highest common factor of 2774 and 38?
38
Calculate the highest common factor of 49863 and 11.
11
What is the highest common factor of 96 and 2085808?
16
Calculate the greatest common factor of 2391 and 25.
1
Calculate the highest common divisor of 166 and 71629.
83
What is the greatest common factor of 687382 and 76?
38
What is the highest common factor of 136735 and 290?
145
Calculate the highest common factor of 70359 and 564.
141
What is the greatest common factor of 6651 and 9?
9
Calculate the greatest common divisor of 150 and 749900.
50
Calculate the greatest common factor of 17490 and 842700.
1590
What is the highest common factor of 756 an